{"id":65,"date":"2017-11-10T14:08:51","date_gmt":"2017-11-10T14:08:51","guid":{"rendered":"http:\/\/tag_link_site_url\/mesmerize\/"},"modified":"2025-01-29T20:55:16","modified_gmt":"2025-01-29T19:55:16","slug":"main-page","status":"publish","type":"page","link":"https:\/\/epekina.ch\/","title":{"rendered":"Main Page"},"content":{"rendered":"<div  id=\"a-propos\" class=\"about-1 content-section\" style=\"background-color: #ffffff; background-image: none;\" data-label=\"A Propos\" data-id=\"about--1\" data-export-id=\"about-1\" data-category=\"about\">\n<div  class=\"gridContainer\">\n<div  class=\"row text-center\">\n<div  class=\"section-title-col\" data-type=\"column\">\n<h2  class=\"\">Nous sommes Epekina<\/h2>\n<p  class=\"lead\">Nom provenant de la phon\u00e9tique du mot grec \u201cau-del\u00e0 de\u201d.<\/p>\n<p  class=\"lead\">Nous proposons des exp\u00e9riences en r\u00e9alit\u00e9 virtuelle \u00e0 destination d\u2019entreprises dont la pr\u00e9occupation est de cr\u00e9er une relation centr\u00e9e sur l\u2019\u00e9motionnel avec leur public cible, leurs clients ou leurs collaborateurs.<\/p>\n\n<\/div>\n<\/div>\n<div  class=\"row\">\n<div  class=\"button-holder space-bottom space-bottom-small\" data-type=\"column\"><\/div>\n<div  class=\"col-xs bottom-xs flexbox image-group-bottom-3-img space-bottom-xs center-xs\"><img  class=\"left-img shadow-large-black\" title=\"cropped-20052021_Workshop_Digicom-scaled-1.jpg\" src=\"https:\/\/epekina.ch\/wp-content\/uploads\/2021\/07\/cropped-20052021_Workshop_Digicom-scaled-1.jpg\" alt=\"\" data-size=\"500x300\"> <img  class=\"center-img shadow-large-black\" title=\"cropped-com.epekina.onboardingsecurity-20210615-221937-2.jpg\" src=\"https:\/\/epekina.ch\/wp-content\/uploads\/2021\/07\/cropped-com.epekina.onboardingsecurity-20210615-221937-2.jpg\" alt=\"\" data-size=\"500x300\"> <img  class=\"right-img shadow-large-black\" title=\"cropped-20052021_Workshop_Digicom_3-scaled-1.jpg\" src=\"https:\/\/epekina.ch\/wp-content\/uploads\/2021\/07\/cropped-20052021_Workshop_Digicom_3-scaled-1.jpg\" alt=\"\" data-size=\"500x300\"><\/div>\n<\/div>\n<\/div>\n<\/div><div  id=\"produits\" class=\"features-12-card-bordered content-section content-section-spacing \" style=\"background-color: #ffffff; background-image: none;\" data-label=\"Produits\" data-id=\"features-12-card-bordered\" data-export-id=\"features-12-card-bordered\" data-category=\"features\">\n<div  class=\"gridContainer\">\n<div  class=\"row text-center\">\n<div  class=\"section-title-col\" data-type=\"column\">\n\n<h2  class=\"\">Produits<\/h2>\n<p  class=\"lead\" style=\"text-align: center;\"><span  style=\"font-weight: 400;\">Les taux d\u2019engagement et de r\u00e9tention des formations actuelles ne correspondent pas \u00e0 vos attentes?<\/span><\/p>\n<p  class=\"lead\">D\u00e9couvrez une nouvelle forme d\u2019apprentissage digital, innovante et qui permet d\u2019obtenir des r\u00e9sultats sup\u00e9rieurs \u00e0 des formations classiques.<\/p>\n\n<\/div>\n<\/div>\n<div  class=\"row spaced-cols\" data-type=\"row\">\n<div  class=\"col-sm-6 col-md-12 \">\n<div  class=\"card row-card bordered y-move\">\n<div  class=\"row\">\n<div  class=\"col-sm-fit icon-column\"><\/div>\n<div  class=\"col-sm\" data-type=\"column\">\n<h5  class=\"color2\">Security Game<\/h5>\n<p  class=\"\">Premi\u00e8re n\u00e9e de nos exp\u00e9riences en r\u00e9alit\u00e9 virtuelle et d\u00e9velopp\u00e9e gr\u00e2ce \u00e0 l\u2019expertise d\u2019un sp\u00e9cialiste en formation.<\/p>\n<p  class=\"\">Mettez-vous dans la peau d\u2019un voleur industriel. Trouvez des informations diss\u00e9min\u00e9es dans des locaux commerciaux et d\u00e9couvrez de quelle fa\u00e7on elles peuvent \u00eatre utilis\u00e9es pour nuire.<\/p>\n<p  class=\"\">Une chose est garantie, ni vous, ni vos collaborateurs ne commettrez ce type d\u2019erreurs \u00e0 l\u2019avenir!<\/p>\n<a class=\"link\" href=\"https:\/\/collaborationbetterstheworld.com\/work\/empowering-employees-to-combat-cyber-threats-through-interactive-training\" target=\"_blank\" rel=\"noopener noreferrer\" data-cp-link=\"1\">Plus d\u2019informations<\/a>\n\n<\/div>\n<\/div>\n<\/div>\n<\/div>\n<div  class=\"col-sm-6 col-md-12 \">\n<div  class=\"card row-card bordered y-move\">\n<div  class=\"row\">\n<div  class=\"col-sm-fit icon-column\"><\/div>\n<div  class=\"col-sm\" data-type=\"column\">\n<h5  class=\"color2\">Applications d\u00e9di\u00e9es<\/h5>\n<p  class=\"\">Curieux de d\u00e9couvrir ce que la r\u00e9alit\u00e9 virtuelle peut faire pour vous? A la recherche d\u2019une formation personnalis\u00e9e sur mesure pour vos collaborateurs?<\/p>\n<p  class=\"\">N\u2019h\u00e9sitez pas \u00e0 nous contacter et discutons ensemble de vos besoins.<\/p>\n\n<\/div>\n<\/div>\n<\/div>\n<\/div>\n<\/div>\n<\/div>\n<\/div><div  id=\"notre-equipe\" class=\"team-5 content-section content-section-spacing\" style=\"background-color: #ffffff; background-image: none;\" data-label=\"Notre equipe\" data-id=\"team--1\" data-export-id=\"team-5\" data-category=\"team\">\n<div  class=\"gridContainer\">\n<div  class=\"row text-center\">\n<div  class=\"section-title-col\" data-type=\"column\">\n\n<h2  class=\"\">Fondateurs<\/h2>\n<p  class=\"lead\">Nous sommes des passionn\u00e9s de nouvelles technologies convaincus du potentiel de la r\u00e9alit\u00e9 virtuelle.<\/p>\n\n<\/div>\n<\/div>\n<div  class=\"row spaced-cols content-center-sm\" data-type=\"row\">\n<div  class=\"col-xs-12 col-sm-6 col-padding col-md-6 \">\n<div  class=\"row \">\n<div  class=\"col-xs-12 col-sm-12\" data-type=\"column\"><img loading=\"lazy\"  class=\"round face alignnone\" title=\"cropped-Raphael-Cretegny-1.jpg\" src=\"https:\/\/epekina.ch\/wp-content\/uploads\/2019\/02\/cropped-Raphael-Cretegny-1.jpg\" alt=\"\" width=\"239\" height=\"239\"><\/div>\n<div  class=\"col-xs-12 col-sm-12\" data-type=\"column\"><strong  class=\"\">Rapha\u00ebl Cretegny&nbsp; &nbsp;<\/strong><a class=\"\" href=\"https:\/\/www.linkedin.com\/in\/raphael-cretegny-1a85873\" target=\"_blank\" rel=\"noopener noreferrer\"><img loading=\"lazy\"  class=\"alignnone wp-image-1184\" src=\"https:\/\/epekina.ch\/wp-content\/uploads\/2024\/02\/linkedin-e1707066229893.png\" alt=\"\" width=\"25\" height=\"25\"><\/a><\/div>\n<\/div>\n<div >\n<div  class=\"\" data-type=\"column\">Aussi loin qu\u2019il s\u2019en souvienne Rapha\u00ebl a toujours \u00e9t\u00e9 fascin\u00e9 par les technologies et leur impact sur le monde. Convaincu que la r\u00e9alit\u00e9 \u00e9tendue va modifier la fa\u00e7on de travailler, il d\u00e9cide de mettre \u00e0 profit son exp\u00e9rience au service de sa conviction.<\/div>\n<\/div>\n<\/div>\n<div  class=\"col-xs-12 col-sm-6 col-padding col-md-6 \">\n<div  class=\"row \">\n<div  class=\"col-xs-12 col-sm-12\" data-type=\"column\"><img loading=\"lazy\"  class=\"round face alignnone wp-image-1198\" title=\"cropped-FGR.jpg\" src=\"https:\/\/epekina.ch\/wp-content\/uploads\/2024\/02\/FGR-300x300.jpg\" sizes=\"(max-width: 220px) 100vw, 220px\" srcset=\"https:\/\/epekina.ch\/wp-content\/uploads\/2024\/02\/FGR-300x300.jpg 300w, https:\/\/epekina.ch\/wp-content\/uploads\/2024\/02\/FGR-150x150.jpg 150w, https:\/\/epekina.ch\/wp-content\/uploads\/2024\/02\/FGR-768x768.jpg 768w, https:\/\/epekina.ch\/wp-content\/uploads\/2024\/02\/FGR.jpg 800w\" alt=\"\" width=\"220\" height=\"220\"><\/div>\n<div  class=\"col-xs-12 col-sm-12\" data-type=\"column\"><strong  class=\"\">Fr\u00e9d\u00e9ric Grichting&nbsp; &nbsp;<\/strong><a class=\"\" href=\"https:\/\/www.linkedin.com\/in\/frederic-grichting-2045893\" target=\"_blank\" rel=\"noopener noreferrer\"><img loading=\"lazy\"  src=\"https:\/\/epekina.ch\/wp-content\/uploads\/2024\/02\/linkedin-e1707066229893.png\" alt=\"\" width=\"25\" height=\"25\"><\/a><\/div>\n<div  class=\"\" data-type=\"column\">Titulaire d\u2019un Master en sciences \u00e9conomiques de HEC Lausanne, Fr\u00e9d\u00e9ric a toujours \u00e9t\u00e9 passionn\u00e9 par la technologie.&nbsp; Rien de plus naturel que de cr\u00e9er son entreprise dans ce domaine, apr\u00e8s plusieurs exp\u00e9riences dans le marketing, le commercial et la gestion de projets.<\/div>\n<\/div>\n<\/div>\n<div  class=\"social-icons-group\" data-type=\"group\"><\/div>\n<\/div>\n<\/div>\n<\/div><div  id=\"partenaires\" class=\"clients-4 content-section content-section-spacing-small\" style=\"background-color: #ffffff; background-image: none;\" data-label=\"Partenaires\" data-id=\"clients--1\" data-export-id=\"clients-4\" data-category=\"clients\">\n<div  class=\"gridContainer\">\n<div  class=\"row\">\n<div  class=\"section-title-col\" data-type=\"column\">\n<h2  class=\"font-700\">Ils nous font confiance<\/h2>\n<\/div>\n<\/div>\n<div  class=\"row spaced-cols middle-xs center-xs space-bottom padding-lr\" data-type=\"row\">\n<div  class=\"col-xs-6 col-sm-2 col-md-3\"><a class=\"\" href=\"https:\/\/collaborationbetterstheworld.com\" target=\"_blank\" rel=\"noopener noreferrer\" data-cp-link=\"1\"><img  class=\"custom-image\" title=\"Logo SERIAL PTC\" src=\"https:\/\/epekina.ch\/wp-content\/uploads\/2024\/01\/cropped-CBTW_LOGO_Wordmark_Classic.png\" alt=\"\"><\/a><\/div>\n<div  class=\"col-xs-6 col-sm-2 col-md-3\">\n<p  class=\"\" dir=\"ltr\" style=\"line-height: 1.38; margin-top: 0pt; margin-bottom: 0pt;\"><span  style=\"font-size: 11pt; font-family: Arial; color: #000000; background-color: transparent; font-variant-numeric: normal; font-variant-east-asian: normal; vertical-align: baseline; white-space: pre-wrap;\">Partenariat sur le long terme visant \u00e0 cr\u00e9er des projets de r\u00e9alit\u00e9 augment\u00e9e, virtuelle ou mixte, en fonction des demandes des clients de CBTW.&nbsp;<\/span><\/p>\n\n<div  class=\"\"><\/div>\n<\/div>\n<div  class=\"col-xs-6 col-sm-2 col-md-3\"><a class=\"\" href=\"http:\/\/www.atelier-nova.ch\" target=\"_blank\" rel=\"noopener noreferrer\" data-cp-link=\"1\"><img  class=\"\" src=\"https:\/\/epekina.ch\/wp-content\/uploads\/2019\/08\/cropped-AN-Logo-2019-6.jpg\"><\/a><\/div>\n<div  class=\"col-xs-6 col-sm-2 col-md-3\">\n<p  class=\"\" dir=\"ltr\" style=\"line-height: 1.38; margin-top: 0pt; margin-bottom: 0pt;\"><span  style=\"font-size: 11pt; font-family: Arial; color: #000000; background-color: transparent; font-variant-numeric: normal; font-variant-east-asian: normal; vertical-align: baseline; white-space: pre-wrap;\">R\u00e9alisation d\u2019un projet en r\u00e9alit\u00e9 virtuelle qui a permis au client de visualiser les locaux de sa future succursale.&nbsp;<\/span><\/p>\n\n<\/div>\n<\/div>\n<\/div>\n<\/div><div  id=\"blog\" class=\"portfolio-5 content-section content-section-spacing\" style=\"background-color: #ffffff; background-image: none;\" data-label=\"Blog\" data-id=\"portfolio--1\" data-export-id=\"portfolio-5\" data-category=\"portfolio\">\n<div  class=\"gridContainer\">\n<div  class=\"row text-center\">\n<div  class=\"section-title-col\" data-type=\"column\">\n<h2  class=\"\">Blog<\/h2>\n<\/div>\n<\/div>\n<div  class=\"row space-bottom spaced-cols center-sm content-center-sm\" data-type=\"row\">\n<div  class=\"col-xs-12 col-sm-4 text-center\">\n<div  class=\"card no-padding bordered\">\n<div  class=\"contentswap-effect\" data-hover-fx=\"portfolio-6\">\n<div  class=\"initial-image\"><img  src=\"https:\/\/epekina.ch\/wp-content\/uploads\/2019\/10\/cropped-GD1-2.png\" data-size=\"500x333\"><\/div>\n<div  class=\"overlay bg-color6\"><\/div>\n<div  class=\"swap-inner col-xs-12\">\n<div  class=\"row full-height-row middle-xs middle-sm\">\n<div  class=\"col-xs-12 text-center content-holder\"><a class=\"button small color2\" href=\"https:\/\/epekina.ch\/index.php\/mesmerize-2-2\/xr-ar-vr-please-help\" target=\"_self\" rel=\"noopener noreferrer\" data-cp-link=\"1\">Lire<\/a><\/div>\n<\/div>\n<\/div>\n<\/div>\n<div  class=\"col-xs-12\">\n<div  class=\"space-bottom space-top\" data-type=\"column\">\n<h5  class=\"\">XR, AR, RA, VR, RV, augmented reality, virtual reality \u2026 please help !<\/h5>\n<\/div>\n<\/div>\n<\/div>\n<\/div>\n<div  class=\"col-xs-12 col-sm-4 text-center\">\n<div  class=\"card no-padding bordered\">\n<div  class=\"contentswap-effect\" data-hover-fx=\"portfolio-6\">\n<div  class=\"initial-image\"><img  src=\"https:\/\/epekina.ch\/wp-content\/uploads\/2019\/10\/cropped-GD2.png\" data-size=\"500x333\"><\/div>\n<div  class=\"overlay bg-color6\"><\/div>\n<div  class=\"swap-inner col-xs-12\">\n<div  class=\"row full-height-row middle-xs middle-sm\">\n<div  class=\"col-xs-12 text-center content-holder\"><a class=\"button small color2\" href=\"https:\/\/epekina.ch\/index.php\/mesmerize-2-2\/differents-types-of-reality\" target=\"_self\" rel=\"noopener noreferrer\" data-cp-link=\"1\">Lire<\/a><\/div>\n<\/div>\n<\/div>\n<\/div>\n<div  class=\"col-xs-12\">\n<div  class=\"space-bottom space-top\" data-type=\"column\">\n<h5  class=\"\">Les diff\u00e9rents types de r\u00e9alit\u00e9s virtuelles<\/h5>\n<\/div>\n<\/div>\n<\/div>\n<\/div>\n<\/div>\n<div  class=\"row\">\n<div  class=\"col-xs-12 text-center\" data-type=\"column\"><\/div>\n<\/div>\n<\/div>\n<\/div>","protected":false},"excerpt":{"rendered":"<p>Nous sommes Epekina Nom provenant de la phon\u00e9tique du mot grec \u201cau-del\u00e0 de\u201d. Nous proposons des exp\u00e9riences en r\u00e9alit\u00e9 virtuelle \u00e0 destination d\u2019entreprises dont la pr\u00e9occupation est de cr\u00e9er une relation centr\u00e9e sur l\u2019\u00e9motionnel avec leur public cible, leurs clients ou leurs collaborateurs. Produits Les taux d\u2019engagement et de r\u00e9tention des formations actuelles ne correspondent&hellip; <br \/> <a class=\"read-more\" href=\"https:\/\/epekina.ch\/\">Lire la suite<\/a><\/p>\n","protected":false},"author":1,"featured_media":0,"parent":0,"menu_order":0,"comment_status":"closed","ping_status":"closed","template":"page-templates\/homepage.php","meta":[],"_links":{"self":[{"href":"https:\/\/epekina.ch\/index.php\/wp-json\/wp\/v2\/pages\/65"}],"collection":[{"href":"https:\/\/epekina.ch\/index.php\/wp-json\/wp\/v2\/pages"}],"about":[{"href":"https:\/\/epekina.ch\/index.php\/wp-json\/wp\/v2\/types\/page"}],"author":[{"embeddable":true,"href":"https:\/\/epekina.ch\/index.php\/wp-json\/wp\/v2\/users\/1"}],"replies":[{"embeddable":true,"href":"https:\/\/epekina.ch\/index.php\/wp-json\/wp\/v2\/comments?post=65"}],"version-history":[{"count":119,"href":"https:\/\/epekina.ch\/index.php\/wp-json\/wp\/v2\/pages\/65\/revisions"}],"predecessor-version":[{"id":1236,"href":"https:\/\/epekina.ch\/index.php\/wp-json\/wp\/v2\/pages\/65\/revisions\/1236"}],"wp:attachment":[{"href":"https:\/\/epekina.ch\/index.php\/wp-json\/wp\/v2\/media?parent=65"}],"curies":[{"name":"wp","href":"https:\/\/api.w.org\/{rel}","templated":true}]}}